{"id":671,"date":"2022-07-20T10:14:53","date_gmt":"2022-07-20T08:14:53","guid":{"rendered":"http:\/\/www.av2e.fr\/?page_id=671"},"modified":"2025-04-02T15:36:31","modified_gmt":"2025-04-02T13:36:31","slug":"accompagnement","status":"publish","type":"page","link":"https:\/\/www.av2e.fr\/?page_id=671","title":{"rendered":"Accompagnement"},"content":{"rendered":"\n<div class=\"wp-block-buttons\">\n<div class=\"wp-block-button is-style-fill\"><a class=\"wp-block-button__link\" href=\"http:\/\/www.av2e.fr\/?page_id=667\">protection solaire<\/a><\/div>\n\n\n\n<div class=\"wp-block-button is-style-fill\"><a class=\"wp-block-button__link\" href=\"http:\/\/www.av2e.fr\/?page_id=669\">rafraichissement<\/a><\/div>\n\n\n\n<div class=\"wp-block-button\"><a class=\"wp-block-button__link\" href=\"http:\/\/www.av2e.fr\/?page_id=1526\">BSO-Brise_Soleil<strong>_<\/strong>Orientable<\/a><\/div>\n<\/div>\n\n\n\n<h3><strong>Institutionnels<\/strong><\/h3>\n\n\n\n<p>L\u2019ALEC et le CAUE34 ont accompagn\u00e9 l\u2019union des copropri\u00e9t\u00e9s dans leur projet d\u2019am\u00e9lioration des conditions de confort thermique d\u2019\u00e9t\u00e9 dans le cadre des permanences assur\u00e9es par l\u2019architecte des B\u00e2timents de France \u00e0 la <strong>Mission Grand Coeur.<\/strong><\/p>\n\n\n\n<ul><li> <a rel=\"noreferrer noopener\" href=\"http:\/\/www.av2e.fr\/wp-content\/uploads\/2022\/09\/18-09-2019-Presentation-du-projet-pour-rencontre-avec-la-Mission-Grand-Coeur-MGC.pdf\" data-type=\"URL\" data-id=\"http:\/\/www.av2e.fr\/wp-content\/uploads\/2022\/09\/18-09-2019-Presentation-du-projet-pour-rencontre-avec-la-Mission-Grand-Coeur-MGC.pdf\" target=\"_blank\">18 09 2019 Pr\u00e9sentation du projet pour rencontre avec la Mission Grand Coeur MGC<\/a><\/li><li><a rel=\"noreferrer noopener\" href=\"http:\/\/www.av2e.fr\/wp-content\/uploads\/2022\/09\/18-09-2019-CR-1ere-reunion-MGC.pdf\" data-type=\"URL\" data-id=\"http:\/\/www.av2e.fr\/wp-content\/uploads\/2022\/09\/18-09-2019-CR-1ere-reunion-MGC.pdf\" target=\"_blank\">18 09 2019 CR 1\u00e8re r\u00e9union MGC<\/a><\/li><li><a rel=\"noreferrer noopener\" href=\"http:\/\/www.av2e.fr\/wp-content\/uploads\/2022\/09\/06-05-2021-CR-reunion-preparatoire-a-la-rencontre-avec-la-MGC.pdf\" data-type=\"URL\" data-id=\"http:\/\/www.av2e.fr\/wp-content\/uploads\/2022\/09\/06-05-2021-CR-reunion-preparatoire-a-la-rencontre-avec-la-MGC.pdf\" target=\"_blank\">06 05 2021 CR r\u00e9union pr\u00e9paratoire \u00e0 la rencontre avec la MGC<\/a><\/li><li><a rel=\"noreferrer noopener\" href=\"http:\/\/www.av2e.fr\/wp-content\/uploads\/2022\/09\/19-05-2021-CR-2eme-reunion-MGC.pdf\" data-type=\"URL\" data-id=\"http:\/\/www.av2e.fr\/wp-content\/uploads\/2022\/09\/19-05-2021-CR-2eme-reunion-MGC.pdf\" target=\"_blank\">19 05 2021 CR 2\u00e8me r\u00e9union MGC<\/a><\/li><li> <a rel=\"noreferrer noopener\" href=\"http:\/\/www.av2e.fr\/wp-content\/uploads\/2022\/11\/CR-atelier-du-22-03-2022.pdf\" data-type=\"URL\" data-id=\"http:\/\/www.av2e.fr\/wp-content\/uploads\/2022\/11\/CR-atelier-du-22-03-2022.pdf\" target=\"_blank\">22 03 2022 CR atelier<\/a><\/li><li><a href=\"http:\/\/www.av2e.fr\/wp-content\/uploads\/2025\/04\/CR-reunion-du-08-02-2024-MGC-.pdf\" data-type=\"URL\" data-id=\"http:\/\/www.av2e.fr\/wp-content\/uploads\/2025\/04\/CR-reunion-du-08-02-2024-MGC-.pdf\">CR r\u00e9union MBC du 08 02 2024<\/a><\/li><li><a href=\"http:\/\/www.av2e.fr\/wp-content\/uploads\/2025\/04\/4-pages-dinformation-sur-lavancee-du-projet-PS-en-juin-2024.pdf\" data-type=\"URL\" data-id=\"http:\/\/www.av2e.fr\/wp-content\/uploads\/2025\/04\/4-pages-dinformation-sur-lavancee-du-projet-PS-en-juin-2024.pdf\">4 pages information avanc\u00e9e du projet juin 2024<\/a><\/li><li><a href=\"http:\/\/www.av2e.fr\/wp-content\/uploads\/2025\/04\/Notification-officielle-AMU-Region.pdf\" data-type=\"URL\" data-id=\"http:\/\/www.av2e.fr\/wp-content\/uploads\/2025\/04\/Notification-officielle-AMU-Region.pdf\">conventionnement AMU -R\u00e9gion<\/a><\/li><\/ul>\n\n\n\n<p><\/p>\n\n\n\n<h3><strong>Assistance de&nbsp;ma\u00eetrise&nbsp;d&rsquo;usage<\/strong><\/h3>\n\n\n\n<p><\/p>\n\n\n\n<ul><li> <a rel=\"noreferrer noopener\" href=\"http:\/\/www.av2e.fr\/wp-content\/uploads\/2022\/11\/genese-protection-solaire-2014-2021-2.pdf\" data-type=\"URL\" data-id=\"http:\/\/www.av2e.fr\/wp-content\/uploads\/2022\/11\/genese-protection-solaire-2014-2021-2.pdf\" target=\"_blank\">Gen\u00e8se protection solaire 2014 -2021<\/a><\/li><li><a href=\"http:\/\/www.av2e.fr\/wp-content\/uploads\/2025\/04\/genese-des-CTE-au-05-mars-2025.pdf\" data-type=\"URL\" data-id=\"http:\/\/www.av2e.fr\/wp-content\/uploads\/2025\/04\/genese-des-CTE-au-05-mars-2025.pdf\">Gen\u00e8se des \u00e9tapes de la CTE au 05 mars 2025<\/a><\/li><li> <a rel=\"noreferrer noopener\" href=\"http:\/\/www.av2e.fr\/wp-content\/uploads\/2022\/11\/lexique.pdf\" data-type=\"URL\" data-id=\"http:\/\/www.av2e.fr\/wp-content\/uploads\/2022\/11\/lexique.pdf\" target=\"_blank\">Lexique<\/a><\/li><li><a href=\"http:\/\/www.av2e.fr\/wp-content\/uploads\/2025\/04\/FAQ-au-30-04-2024.pdf\" data-type=\"URL\" data-id=\"http:\/\/www.av2e.fr\/wp-content\/uploads\/2025\/04\/FAQ-au-30-04-2024.pdf\">FAQ \u00e0 jour au 30 avril2024<\/a><\/li><li> <a rel=\"noreferrer noopener\" href=\"http:\/\/www.av2e.fr\/wp-content\/uploads\/2022\/09\/affichette-rencontre-08-I-2022.pdf\" data-type=\"URL\" data-id=\"http:\/\/www.av2e.fr\/wp-content\/uploads\/2022\/09\/affichette-rencontre-08-I-2022.pdf\" target=\"_blank\">Affiche rencontre du 08-01-2022<\/a> et <a rel=\"noreferrer noopener\" href=\"http:\/\/www.av2e.fr\/wp-content\/uploads\/2022\/09\/affichette-rencontre-08-I-2022-1.pdf\" data-type=\"URL\" data-id=\"http:\/\/www.av2e.fr\/wp-content\/uploads\/2022\/09\/affichette-rencontre-08-I-2022-1.pdf\" target=\"_blank\">affichette rencontre 08-0-2022<\/a><\/li><li><a rel=\"noreferrer noopener\" href=\"http:\/\/www.av2e.fr\/wp-content\/uploads\/2022\/09\/08-01-22-4-p-AMU.pdf\" data-type=\"URL\" data-id=\"http:\/\/www.av2e.fr\/wp-content\/uploads\/2022\/09\/08-01-22-4-p-AMU.pdf\" target=\"_blank\">adaptation de la r\u00e9sidence PJ par 4 pages &#8211; point d \u00e9tape au 08 01 22<\/a><\/li><li><a rel=\"noreferrer noopener\" href=\"http:\/\/www.av2e.fr\/wp-content\/uploads\/2022\/09\/cr-atelier-du-08-I-AMU.pdf\" data-type=\"URL\" data-id=\"http:\/\/www.av2e.fr\/wp-content\/uploads\/2022\/09\/cr-atelier-du-08-I-AMU.pdf\" target=\"_blank\">Compte Rendu atelier du 08-01-2022<\/a><\/li><li><a rel=\"noreferrer noopener\" href=\"http:\/\/www.av2e.fr\/wp-content\/uploads\/2022\/09\/doc-participants-4-pages-atelier-du-08-I-2022.pdf\" data-type=\"URL\" data-id=\"http:\/\/www.av2e.fr\/wp-content\/uploads\/2022\/09\/doc-participants-4-pages-atelier-du-08-I-2022.pdf\" target=\"_blank\">Document participants 4 pages atelier<\/a><\/li><li><a rel=\"noreferrer noopener\" href=\"http:\/\/www.av2e.fr\/wp-content\/uploads\/2022\/09\/retour-questionnaire-du-08-I-2022.pdf\" data-type=\"URL\" data-id=\"http:\/\/www.av2e.fr\/wp-content\/uploads\/2022\/09\/retour-questionnaire-du-08-I-2022.pdf\" target=\"_blank\">Retour questionnaire du 01-01-2022<\/a><\/li><li><a rel=\"noreferrer noopener\" href=\"http:\/\/www.av2e.fr\/wp-content\/uploads\/2022\/09\/synthese-questionnaires.pdf\" data-type=\"URL\" data-id=\"http:\/\/www.av2e.fr\/wp-content\/uploads\/2022\/09\/synthese-questionnaires.pdf\" target=\"_blank\">Synth\u00e8se du questionnaire <\/a><\/li><li><a rel=\"noreferrer noopener\" href=\"http:\/\/www.av2e.fr\/wp-content\/uploads\/2022\/11\/point-detape-des-projets-pour-AGO-2022.pdf\" data-type=\"URL\" data-id=\"http:\/\/www.av2e.fr\/wp-content\/uploads\/2022\/11\/point-detape-des-projets-pour-AGO-2022.pdf\" target=\"_blank\">Point d&rsquo;\u00e9tape pour les AGO 2022<\/a><\/li><li><a rel=\"noreferrer noopener\" href=\"http:\/\/www.av2e.fr\/wp-content\/uploads\/2022\/11\/Affichette-12-03-22.pdf\" data-type=\"URL\" data-id=\"http:\/\/www.av2e.fr\/wp-content\/uploads\/2022\/11\/Affichette-12-03-22.pdf\" target=\"_blank\">Affichette rencontre du 12 03 22<\/a><\/li><\/ul>\n\n\n\n<ul><li><a rel=\"noreferrer noopener\" href=\"http:\/\/www.av2e.fr\/wp-content\/uploads\/2022\/11\/lestimation-des-couts-pour-les-2-projets.pdf\" data-type=\"URL\" data-id=\"http:\/\/www.av2e.fr\/wp-content\/uploads\/2022\/11\/lestimation-des-couts-pour-les-2-projets.pdf\" target=\"_blank\">Estimation des co\u00fbts pour les 2 projets<\/a> <a rel=\"noreferrer noopener\" href=\"http:\/\/www.av2e.fr\/wp-content\/uploads\/2022\/11\/4-pages-point-detapes-des-projets-au-17-11-22.pdf\" data-type=\"URL\" data-id=\"http:\/\/www.av2e.fr\/wp-content\/uploads\/2022\/11\/4-pages-point-detapes-des-projets-au-17-11-22.pdf\" target=\"_blank\">4 pages point d&rsquo;\u00e9tapes des projets au 17 -11 -22<\/a><\/li><li><a href=\"http:\/\/www.av2e.fr\/wp-content\/uploads\/2025\/04\/etapes-a-venir-2024-2025.pdf\" data-type=\"URL\" data-id=\"http:\/\/www.av2e.fr\/wp-content\/uploads\/2025\/04\/etapes-a-venir-2024-2025.pdf\">\u00e9tapes \u00e0 venir 2024-2025<\/a><\/li><li><a href=\"http:\/\/www.av2e.fr\/wp-content\/uploads\/2025\/04\/ANAH-adapter-les-logements-aux-FortesChaleurs.pdf\" data-type=\"URL\" data-id=\"http:\/\/www.av2e.fr\/wp-content\/uploads\/2025\/04\/ANAH-adapter-les-logements-aux-FortesChaleurs.pdf\">ANAH adapter les logements au forte chaleur<\/a><\/li><li><a href=\"http:\/\/www.av2e.fr\/wp-content\/uploads\/2025\/04\/confort-dete-les-10-ppints-clefs.pdf\" data-type=\"URL\" data-id=\"http:\/\/www.av2e.fr\/wp-content\/uploads\/2025\/04\/confort-dete-les-10-ppints-clefs.pdf\">confort d&rsquo;\u00e9t\u00e9 : les 10 points clefs<\/a><\/li><li> <a rel=\"noreferrer noopener\" href=\"http:\/\/www.av2e.fr\/wp-content\/uploads\/2022\/11\/dossier-confort-dete-Region-PACA.pdf\" data-type=\"URL\" data-id=\"http:\/\/www.av2e.fr\/wp-content\/uploads\/2022\/11\/dossier-confort-dete-Region-PACA.pdf\" target=\"_blank\">Dossier confort d&rsquo;\u00e9t\u00e9 R\u00e9gion PACA<\/a><\/li><li>dossier Chaleur MGEN<a href=\"http:\/\/www.av2e.fr\/wp-content\/uploads\/2025\/04\/MGEN-Dossier-chaleur.pdf\" data-type=\"URL\" data-id=\"http:\/\/www.av2e.fr\/wp-content\/uploads\/2025\/04\/MGEN-Dossier-chaleur.pdf\">http:\/\/www.av2e.fr\/wp-content\/uploads\/2025\/04\/MGEN-Dossier-chaleur.pdf<\/a><\/li><li><a href=\"http:\/\/www.av2e.fr\/wp-content\/uploads\/2025\/03\/guide-rage-doubles-fenetres-reno-2014-04_0.pdf\" data-type=\"URL\" data-id=\"http:\/\/www.av2e.fr\/wp-content\/uploads\/2025\/03\/guide-rage-doubles-fenetres-reno-2014-04_0.pdf\">guide protection solaire<\/a><\/li><li><a href=\"http:\/\/www.av2e.fr\/wp-content\/uploads\/2025\/04\/guide-rage-doubles-fenetres-reno-2014-04_0.pdf\" data-type=\"URL\" data-id=\"http:\/\/www.av2e.fr\/wp-content\/uploads\/2025\/04\/guide-rage-doubles-fenetres-reno-2014-04_0.pdf\">guide double fen\u00eatres<\/a><\/li><\/ul>\n\n\n\n<p><\/p>\n","protected":false},"excerpt":{"rendered":"<p>Institutionnels L\u2019ALEC et le CAUE34 ont accompagn\u00e9 l\u2019union des copropri\u00e9t\u00e9s dans leur projet d\u2019am\u00e9lioration des conditions de confort thermique d\u2019\u00e9t\u00e9 dans le cadre des permanences assur\u00e9es par l\u2019architecte des B\u00e2timents &#8230;<\/p>\n","protected":false},"author":1,"featured_media":684,"parent":0,"menu_order":0,"comment_status":"closed","ping_status":"closed","template":"template-fullwidth.php","meta":[],"_links":{"self":[{"href":"https:\/\/www.av2e.fr\/index.php?rest_route=\/wp\/v2\/pages\/671"}],"collection":[{"href":"https:\/\/www.av2e.fr\/index.php?rest_route=\/wp\/v2\/pages"}],"about":[{"href":"https:\/\/www.av2e.fr\/index.php?rest_route=\/wp\/v2\/types\/page"}],"author":[{"embeddable":true,"href":"https:\/\/www.av2e.fr\/index.php?rest_route=\/wp\/v2\/users\/1"}],"replies":[{"embeddable":true,"href":"https:\/\/www.av2e.fr\/index.php?rest_route=%2Fwp%2Fv2%2Fcomments&post=671"}],"version-history":[{"count":41,"href":"https:\/\/www.av2e.fr\/index.php?rest_route=\/wp\/v2\/pages\/671\/revisions"}],"predecessor-version":[{"id":1870,"href":"https:\/\/www.av2e.fr\/index.php?rest_route=\/wp\/v2\/pages\/671\/revisions\/1870"}],"wp:featuredmedia":[{"embeddable":true,"href":"https:\/\/www.av2e.fr\/index.php?rest_route=\/wp\/v2\/media\/684"}],"wp:attachment":[{"href":"https:\/\/www.av2e.fr\/index.php?rest_route=%2Fwp%2Fv2%2Fmedia&parent=671"}],"curies":[{"name":"wp","href":"https:\/\/api.w.org\/{rel}","templated":true}]}}

<div class="wp-block-buttons">
<div class="wp-block-button is-style-fill"><a class="wp-block-button__link" href="http://www.av2e.fr/?page_id=667">protection solaire</a></div>



<div class="wp-block-button is-style-fill"><a class="wp-block-button__link" href="http://www.av2e.fr/?page_id=669">rafraichissement</a></div>



<div class="wp-block-button"><a class="wp-block-button__link" href="http://www.av2e.fr/?page_id=1526">BSO-Brise_Soleil<strong>_</strong>Orientable</a></div>
</div>



<h3><strong>Institutionnels</strong></h3>



<p>L’ALEC et le CAUE34 ont accompagné l’union des copropriétés dans leur projet d’amélioration des conditions de confort thermique d’été dans le cadre des permanences assurées par l’architecte des Bâtiments de France à la <strong>Mission Grand Coeur.</strong></p>



<ul><li> <a rel="noreferrer noopener" href="http://www.av2e.fr/wp-content/uploads/2022/09/18-09-2019-Presentation-du-projet-pour-rencontre-avec-la-Mission-Grand-Coeur-MGC.pdf" data-type="URL" data-id="http://www.av2e.fr/wp-content/uploads/2022/09/18-09-2019-Presentation-du-projet-pour-rencontre-avec-la-Mission-Grand-Coeur-MGC.pdf" target="_blank">18 09 2019 Présentation du projet pour rencontre avec la Mission Grand Coeur MGC</a></li><li><a rel="noreferrer noopener" href="http://www.av2e.fr/wp-content/uploads/2022/09/18-09-2019-CR-1ere-reunion-MGC.pdf" data-type="URL" data-id="http://www.av2e.fr/wp-content/uploads/2022/09/18-09-2019-CR-1ere-reunion-MGC.pdf" target="_blank">18 09 2019 CR 1ère réunion MGC</a></li><li><a rel="noreferrer noopener" href="http://www.av2e.fr/wp-content/uploads/2022/09/06-05-2021-CR-reunion-preparatoire-a-la-rencontre-avec-la-MGC.pdf" data-type="URL" data-id="http://www.av2e.fr/wp-content/uploads/2022/09/06-05-2021-CR-reunion-preparatoire-a-la-rencontre-avec-la-MGC.pdf" target="_blank">06 05 2021 CR réunion préparatoire à la rencontre avec la MGC</a></li><li><a rel="noreferrer noopener" href="http://www.av2e.fr/wp-content/uploads/2022/09/19-05-2021-CR-2eme-reunion-MGC.pdf" data-type="URL" data-id="http://www.av2e.fr/wp-content/uploads/2022/09/19-05-2021-CR-2eme-reunion-MGC.pdf" target="_blank">19 05 2021 CR 2ème réunion MGC</a></li><li> <a rel="noreferrer noopener" href="http://www.av2e.fr/wp-content/uploads/2022/11/CR-atelier-du-22-03-2022.pdf" data-type="URL" data-id="http://www.av2e.fr/wp-content/uploads/2022/11/CR-atelier-du-22-03-2022.pdf" target="_blank">22 03 2022 CR atelier</a></li><li><a href="http://www.av2e.fr/wp-content/uploads/2025/04/CR-reunion-du-08-02-2024-MGC-.pdf" data-type="URL" data-id="http://www.av2e.fr/wp-content/uploads/2025/04/CR-reunion-du-08-02-2024-MGC-.pdf">CR réunion MBC du 08 02 2024</a></li><li><a href="http://www.av2e.fr/wp-content/uploads/2025/04/4-pages-dinformation-sur-lavancee-du-projet-PS-en-juin-2024.pdf" data-type="URL" data-id="http://www.av2e.fr/wp-content/uploads/2025/04/4-pages-dinformation-sur-lavancee-du-projet-PS-en-juin-2024.pdf">4 pages information avancée du projet juin 2024</a></li><li><a href="http://www.av2e.fr/wp-content/uploads/2025/04/Notification-officielle-AMU-Region.pdf" data-type="URL" data-id="http://www.av2e.fr/wp-content/uploads/2025/04/Notification-officielle-AMU-Region.pdf">conventionnement AMU -Région</a></li></ul>



<p></p>



<h3><strong>Assistance de&nbsp;maîtrise&nbsp;d&rsquo;usage</strong></h3>



<p></p>



<ul><li> <a rel="noreferrer noopener" href="http://www.av2e.fr/wp-content/uploads/2022/11/genese-protection-solaire-2014-2021-2.pdf" data-type="URL" data-id="http://www.av2e.fr/wp-content/uploads/2022/11/genese-protection-solaire-2014-2021-2.pdf" target="_blank">Genèse protection solaire 2014 -2021</a></li><li><a href="http://www.av2e.fr/wp-content/uploads/2025/04/genese-des-CTE-au-05-mars-2025.pdf" data-type="URL" data-id="http://www.av2e.fr/wp-content/uploads/2025/04/genese-des-CTE-au-05-mars-2025.pdf">Genèse des étapes de la CTE au 05 mars 2025</a></li><li> <a rel="noreferrer noopener" href="http://www.av2e.fr/wp-content/uploads/2022/11/lexique.pdf" data-type="URL" data-id="http://www.av2e.fr/wp-content/uploads/2022/11/lexique.pdf" target="_blank">Lexique</a></li><li><a href="http://www.av2e.fr/wp-content/uploads/2025/04/FAQ-au-30-04-2024.pdf" data-type="URL" data-id="http://www.av2e.fr/wp-content/uploads/2025/04/FAQ-au-30-04-2024.pdf">FAQ à jour au 30 avril2024</a></li><li> <a rel="noreferrer noopener" href="http://www.av2e.fr/wp-content/uploads/2022/09/affichette-rencontre-08-I-2022.pdf" data-type="URL" data-id="http://www.av2e.fr/wp-content/uploads/2022/09/affichette-rencontre-08-I-2022.pdf" target="_blank">Affiche rencontre du 08-01-2022</a> et <a rel="noreferrer noopener" href="http://www.av2e.fr/wp-content/uploads/2022/09/affichette-rencontre-08-I-2022-1.pdf" data-type="URL" data-id="http://www.av2e.fr/wp-content/uploads/2022/09/affichette-rencontre-08-I-2022-1.pdf" target="_blank">affichette rencontre 08-0-2022</a></li><li><a rel="noreferrer noopener" href="http://www.av2e.fr/wp-content/uploads/2022/09/08-01-22-4-p-AMU.pdf" data-type="URL" data-id="http://www.av2e.fr/wp-content/uploads/2022/09/08-01-22-4-p-AMU.pdf" target="_blank">adaptation de la résidence PJ par 4 pages &#8211; point d étape au 08 01 22</a></li><li><a rel="noreferrer noopener" href="http://www.av2e.fr/wp-content/uploads/2022/09/cr-atelier-du-08-I-AMU.pdf" data-type="URL" data-id="http://www.av2e.fr/wp-content/uploads/2022/09/cr-atelier-du-08-I-AMU.pdf" target="_blank">Compte Rendu atelier du 08-01-2022</a></li><li><a rel="noreferrer noopener" href="http://www.av2e.fr/wp-content/uploads/2022/09/doc-participants-4-pages-atelier-du-08-I-2022.pdf" data-type="URL" data-id="http://www.av2e.fr/wp-content/uploads/2022/09/doc-participants-4-pages-atelier-du-08-I-2022.pdf" target="_blank">Document participants 4 pages atelier</a></li><li><a rel="noreferrer noopener" href="http://www.av2e.fr/wp-content/uploads/2022/09/retour-questionnaire-du-08-I-2022.pdf" data-type="URL" data-id="http://www.av2e.fr/wp-content/uploads/2022/09/retour-questionnaire-du-08-I-2022.pdf" target="_blank">Retour questionnaire du 01-01-2022</a></li><li><a rel="noreferrer noopener" href="http://www.av2e.fr/wp-content/uploads/2022/09/synthese-questionnaires.pdf" data-type="URL" data-id="http://www.av2e.fr/wp-content/uploads/2022/09/synthese-questionnaires.pdf" target="_blank">Synthèse du questionnaire </a></li><li><a rel="noreferrer noopener" href="http://www.av2e.fr/wp-content/uploads/2022/11/point-detape-des-projets-pour-AGO-2022.pdf" data-type="URL" data-id="http://www.av2e.fr/wp-content/uploads/2022/11/point-detape-des-projets-pour-AGO-2022.pdf" target="_blank">Point d&rsquo;étape pour les AGO 2022</a></li><li><a rel="noreferrer noopener" href="http://www.av2e.fr/wp-content/uploads/2022/11/Affichette-12-03-22.pdf" data-type="URL" data-id="http://www.av2e.fr/wp-content/uploads/2022/11/Affichette-12-03-22.pdf" target="_blank">Affichette rencontre du 12 03 22</a></li></ul>



<ul><li><a rel="noreferrer noopener" href="http://www.av2e.fr/wp-content/uploads/2022/11/lestimation-des-couts-pour-les-2-projets.pdf" data-type="URL" data-id="http://www.av2e.fr/wp-content/uploads/2022/11/lestimation-des-couts-pour-les-2-projets.pdf" target="_blank">Estimation des coûts pour les 2 projets</a> <a rel="noreferrer noopener" href="http://www.av2e.fr/wp-content/uploads/2022/11/4-pages-point-detapes-des-projets-au-17-11-22.pdf" data-type="URL" data-id="http://www.av2e.fr/wp-content/uploads/2022/11/4-pages-point-detapes-des-projets-au-17-11-22.pdf" target="_blank">4 pages point d&rsquo;étapes des projets au 17 -11 -22</a></li><li><a href="http://www.av2e.fr/wp-content/uploads/2025/04/etapes-a-venir-2024-2025.pdf" data-type="URL" data-id="http://www.av2e.fr/wp-content/uploads/2025/04/etapes-a-venir-2024-2025.pdf">étapes à venir 2024-2025</a></li><li><a href="http://www.av2e.fr/wp-content/uploads/2025/04/ANAH-adapter-les-logements-aux-FortesChaleurs.pdf" data-type="URL" data-id="http://www.av2e.fr/wp-content/uploads/2025/04/ANAH-adapter-les-logements-aux-FortesChaleurs.pdf">ANAH adapter les logements au forte chaleur</a></li><li><a href="http://www.av2e.fr/wp-content/uploads/2025/04/confort-dete-les-10-ppints-clefs.pdf" data-type="URL" data-id="http://www.av2e.fr/wp-content/uploads/2025/04/confort-dete-les-10-ppints-clefs.pdf">confort d&rsquo;été : les 10 points clefs</a></li><li> <a rel="noreferrer noopener" href="http://www.av2e.fr/wp-content/uploads/2022/11/dossier-confort-dete-Region-PACA.pdf" data-type="URL" data-id="http://www.av2e.fr/wp-content/uploads/2022/11/dossier-confort-dete-Region-PACA.pdf" target="_blank">Dossier confort d&rsquo;été Région PACA</a></li><li>dossier Chaleur MGEN<a href="http://www.av2e.fr/wp-content/uploads/2025/04/MGEN-Dossier-chaleur.pdf" data-type="URL" data-id="http://www.av2e.fr/wp-content/uploads/2025/04/MGEN-Dossier-chaleur.pdf">http://www.av2e.fr/wp-content/uploads/2025/04/MGEN-Dossier-chaleur.pdf</a></li><li><a href="http://www.av2e.fr/wp-content/uploads/2025/03/guide-rage-doubles-fenetres-reno-2014-04_0.pdf" data-type="URL" data-id="http://www.av2e.fr/wp-content/uploads/2025/03/guide-rage-doubles-fenetres-reno-2014-04_0.pdf">guide protection solaire</a></li><li><a href="http://www.av2e.fr/wp-content/uploads/2025/04/guide-rage-doubles-fenetres-reno-2014-04_0.pdf" data-type="URL" data-id="http://www.av2e.fr/wp-content/uploads/2025/04/guide-rage-doubles-fenetres-reno-2014-04_0.pdf">guide double fenêtres</a></li></ul>



<p></p>

<p>Institutionnels L’ALEC et le CAUE34 ont accompagné l’union des copropriétés dans leur projet d’amélioration des conditions de confort thermique d’été dans le cadre des permanences assurées par l’architecte des Bâtiments &#8230;</p>
