{"id":86,"date":"2021-01-18T14:41:59","date_gmt":"2021-01-18T13:41:59","guid":{"rendered":"http:\/\/www.av2e.fr\/?page_id=86"},"modified":"2023-12-05T15:26:00","modified_gmt":"2023-12-05T14:26:00","slug":"presentation","status":"publish","type":"page","link":"https:\/\/www.av2e.fr\/?page_id=86","title":{"rendered":"Pr\u00e9sentation"},"content":{"rendered":"\n<p><strong>ASSOCIATION DE QUARTIER AV2E<\/strong><\/p>\n\n\n\n<p>L\u2019AV2E, association cr\u00e9\u00e9e en 2010, a pour but la d\u00e9fense et la qualit\u00e9 du cadre de vie des r\u00e9sidents, propri\u00e9taires et locataires de&nbsp;Port Juv\u00e9nal.<\/p>\n\n\n\n<p>Tandis que le Syndic FONCIA assure, dans le cadre des d\u00e9cisions des Assembl\u00e9es G\u00e9n\u00e9rales des copropri\u00e9t\u00e9s, la qualit\u00e9 et le bon fonctionnement des \u00e9quipements et des prestations de services&nbsp;dans nos immeubles,&nbsp;<\/p>\n\n\n\n<p>L\u2019AV2E s\u2019attache, avec une n\u00e9cessaire t\u00e9nacit\u00e9&nbsp;:<\/p>\n\n\n\n<ul><li>au cadre urbain plant\u00e9 ou min\u00e9ral tels que pelouses ou mobilier urbain<\/li><li>aux circulations de desserte, pi\u00e9tonnes ou motoris\u00e9es<\/li><li>\u00e0 l\u2019incitation et au contr\u00f4le par les Services publics, des comportements civiques \u00e0 respecter dans l\u2019espace collectif<\/li><li>\u00e0 la prise en compte des attentes l\u00e9gitimes des r\u00e9sidents, lors manifestations et f\u00eates autoris\u00e9es par les pouvoirs publics<\/li><li>\u00e0 l\u2019identification et au contr\u00f4le des pollutions mal reconnues&nbsp;: air, ondes \u00e9lectromagn\u00e9tiques engendr\u00e9es par les antennes nombreuses et puissantes install\u00e9es en toiture d\u2019immeubles voisins.<\/li><li><strong><em>A participer \u00e0 la r\u00e9flexion en cours sur la lutte contre es effets de&nbsp; l\u2019ensoleillement&nbsp; de la fa\u00e7ade de notre immeuble<\/em><\/strong><em>.<\/em><\/li><\/ul>\n\n\n\n<p>L\u2019AV2E se tient en rapport permanent avec les pouvoirs publics concern\u00e9s&nbsp;:&nbsp;Mairie, M\u00e9tropole, services de Police pour leurs comp\u00e9tences respectives.&nbsp;<\/p>\n\n\n\n<p>Elle provoque des visites sur place de l\u2019Adjoint au Maire d\u00e9l\u00e9gu\u00e9 au Quartier Centre (qui inclut Port Juv\u00e9nal) accompagn\u00e9 en tant que de besoins de chefs de service. Des adjoints comp\u00e9tents pour des domaines sp\u00e9cifiques, hygi\u00e8ne par exemple, se sont \u00e9galement pr\u00eat\u00e9s \u00e0 des rencontres suscit\u00e9es par l\u2019AV2E&nbsp;;<\/p>\n\n\n\n<p>Elle est repr\u00e9sent\u00e9e aux r\u00e9unions de concertation organis\u00e9es par la Ville avant les manifestations sportives, ludiques etc. pr\u00e9vues sur l\u2019Esplanade.&nbsp;<\/p>\n\n\n\n<p>L\u2019association agit pour un&nbsp;\u00ab&nbsp;vivre ensemble&nbsp;\u00bb harmonieux et convivial, notamment \u00e0 travers l\u2019organisation annuelle de la \u00ab&nbsp;F\u00eate des voisins&nbsp;\u00bb <strong><em>et des projets d\u2019actions d\u2019animation en lien avec l\u2018association des commer\u00e7ants de Plan Juv\u00e9nal<\/em><\/strong><\/p>\n\n\n\n<p>Pour \u00eatre mieux entendue des pouvoirs publics, l\u2019AV2E poursuit une strat\u00e9gie d\u2019alliances avec les associations ou groupements de r\u00e9sidents ou de copropri\u00e9t\u00e9s voisines, sur la rive oppos\u00e9e du Lez, proches du Pont Juv\u00e9nal ou au-del\u00e0, poursuivant des buts analogues.<\/p>\n\n\n\n<p>Les r\u00e9sidents \u2013 tous b\u00e9n\u00e9voles &#8211; qui souhaitent participer aux actions de l\u2019AV2E sont les bienvenus, notamment au sein du Conseil d\u2019administration (quelques r\u00e9unions par an)&nbsp;<\/p>\n\n\n\n<p>Le financement de l\u2019AV2E pour faire face \u00e0 des besoins modestes (frais de duplication, d\u2019affichage, d\u2019assembl\u00e9e g\u00e9n\u00e9rales\u2026) est assur\u00e9 par les copropri\u00e9t\u00e9s auxquelles il est demand\u00e9 lors de chaque assembl\u00e9e g\u00e9n\u00e9rale annuelle une cotisation de 5 \u20ac par lot principal.<\/p>\n\n\n\n<p class=\"has-text-align-right\"><em><strong>Pr\u00e9sident&nbsp;: <\/strong>Michel DEVALLAND<\/em><\/p>\n\n\n\n<p class=\"has-text-align-right\"><em><strong>Secr\u00e9taire&nbsp;: <\/strong>Christine LOUDHINI&nbsp;<\/em><\/p>\n\n\n\n<p class=\"has-text-align-right\"><em><strong>Tr\u00e9sorier :<\/strong> Jo NIEL<\/em><\/p>\n\n\n\n<p><\/p>\n\n\n\n<div class=\"wp-block-group\"><div class=\"wp-block-group__inner-container\">\n<div class=\"wp-block-group\"><div class=\"wp-block-group__inner-container\">\n<div class=\"wp-block-columns are-vertically-aligned-center\">\n<div class=\"wp-block-column is-vertically-aligned-center\" style=\"flex-basis:100%\">\n<figure class=\"wp-block-gallery columns-5 is-cropped\"><ul class=\"blocks-gallery-grid\"><li class=\"blocks-gallery-item\"><figure><img loading=\"lazy\" width=\"103\" height=\"103\" src=\"http:\/\/www.av2e.fr\/wp-content\/uploads\/2021\/01\/neutre-100.jpg\" alt=\"\" data-id=\"105\" data-full-url=\"http:\/\/www.av2e.fr\/wp-content\/uploads\/2021\/01\/neutre-100.jpg\" data-link=\"http:\/\/www.av2e.fr\/?attachment_id=105\" class=\"wp-image-105\"\/><figcaption class=\"blocks-gallery-item__caption\">Bernard Fourtet<\/figcaption><\/figure><\/li><li class=\"blocks-gallery-item\"><figure><img loading=\"lazy\" width=\"103\" height=\"103\" src=\"http:\/\/www.av2e.fr\/wp-content\/uploads\/2021\/01\/Loudhini-100.jpg\" alt=\"\" data-id=\"104\" data-full-url=\"http:\/\/www.av2e.fr\/wp-content\/uploads\/2021\/01\/Loudhini-100.jpg\" data-link=\"http:\/\/www.av2e.fr\/?attachment_id=104\" class=\"wp-image-104\"\/><figcaption class=\"blocks-gallery-item__caption\">Christine Loudhini<\/figcaption><\/figure><\/li><li class=\"blocks-gallery-item\"><figure><img loading=\"lazy\" width=\"103\" height=\"103\" src=\"http:\/\/www.av2e.fr\/wp-content\/uploads\/2021\/01\/Fourquier-100.jpg\" alt=\"\" data-id=\"103\" data-full-url=\"http:\/\/www.av2e.fr\/wp-content\/uploads\/2021\/01\/Fourquier-100.jpg\" data-link=\"http:\/\/www.av2e.fr\/?attachment_id=103\" class=\"wp-image-103\"\/><figcaption class=\"blocks-gallery-item__caption\">Daniele Chiambaretto<\/figcaption><\/figure><\/li><li class=\"blocks-gallery-item\"><figure><img loading=\"lazy\" width=\"103\" height=\"103\" src=\"http:\/\/www.av2e.fr\/wp-content\/uploads\/2021\/01\/Devalland-100.jpg\" alt=\"\" data-id=\"101\" data-full-url=\"http:\/\/www.av2e.fr\/wp-content\/uploads\/2021\/01\/Devalland-100.jpg\" data-link=\"http:\/\/www.av2e.fr\/?attachment_id=101\" class=\"wp-image-101\"\/><figcaption class=\"blocks-gallery-item__caption\">Michel Devalland<\/figcaption><\/figure><\/li><li class=\"blocks-gallery-item\"><figure><img loading=\"lazy\" width=\"104\" height=\"103\" src=\"http:\/\/www.av2e.fr\/wp-content\/uploads\/2021\/01\/Bruguier-100.jpg\" alt=\"\" data-id=\"100\" data-full-url=\"http:\/\/www.av2e.fr\/wp-content\/uploads\/2021\/01\/Bruguier-100.jpg\" data-link=\"http:\/\/www.av2e.fr\/?attachment_id=100\" class=\"wp-image-100\"\/><figcaption class=\"blocks-gallery-item__caption\">Catherine Bruguier<\/figcaption><\/figure><\/li><li class=\"blocks-gallery-item\"><figure><img loading=\"lazy\" width=\"103\" height=\"103\" src=\"http:\/\/www.av2e.fr\/wp-content\/uploads\/2021\/01\/Blanc-100.jpg\" alt=\"\" data-id=\"98\" data-full-url=\"http:\/\/www.av2e.fr\/wp-content\/uploads\/2021\/01\/Blanc-100.jpg\" data-link=\"http:\/\/www.av2e.fr\/?attachment_id=98\" class=\"wp-image-98\"\/><figcaption class=\"blocks-gallery-item__caption\">Gerard Blanc<\/figcaption><\/figure><\/li><li class=\"blocks-gallery-item\"><figure><img loading=\"lazy\" width=\"103\" height=\"103\" src=\"http:\/\/www.av2e.fr\/wp-content\/uploads\/2021\/01\/neutre-100-2-1.jpg\" alt=\"\" data-id=\"110\" data-full-url=\"http:\/\/www.av2e.fr\/wp-content\/uploads\/2021\/01\/neutre-100-2-1.jpg\" data-link=\"http:\/\/www.av2e.fr\/?attachment_id=110\" class=\"wp-image-110\"\/><figcaption class=\"blocks-gallery-item__caption\">Nathalie Pigot<\/figcaption><\/figure><\/li><li class=\"blocks-gallery-item\"><figure><img loading=\"lazy\" width=\"103\" height=\"103\" src=\"http:\/\/www.av2e.fr\/wp-content\/uploads\/2021\/01\/neutre-100-2.jpg\" alt=\"\" data-id=\"109\" data-full-url=\"http:\/\/www.av2e.fr\/wp-content\/uploads\/2021\/01\/neutre-100-2.jpg\" data-link=\"http:\/\/www.av2e.fr\/?attachment_id=109\" class=\"wp-image-109\"\/><figcaption class=\"blocks-gallery-item__caption\">Brigitte Auriol<\/figcaption><\/figure><\/li><li class=\"blocks-gallery-item\"><figure><img loading=\"lazy\" width=\"103\" height=\"103\" src=\"http:\/\/www.av2e.fr\/wp-content\/uploads\/2023\/12\/neutre-100-2-1.jpeg\" alt=\"\" data-id=\"1311\" data-full-url=\"http:\/\/www.av2e.fr\/wp-content\/uploads\/2023\/12\/neutre-100-2-1.jpeg\" data-link=\"http:\/\/www.av2e.fr\/?attachment_id=1311\" class=\"wp-image-1311\"\/><figcaption class=\"blocks-gallery-item__caption\">Jo Niel<\/figcaption><\/figure><\/li><li class=\"blocks-gallery-item\"><figure><img loading=\"lazy\" width=\"103\" height=\"103\" src=\"http:\/\/www.av2e.fr\/wp-content\/uploads\/2023\/12\/neutre-100-2-1-1.jpeg\" alt=\"\" data-id=\"1312\" data-full-url=\"http:\/\/www.av2e.fr\/wp-content\/uploads\/2023\/12\/neutre-100-2-1-1.jpeg\" data-link=\"http:\/\/www.av2e.fr\/?attachment_id=1312\" class=\"wp-image-1312\"\/><figcaption class=\"blocks-gallery-item__caption\">Martine Marimont<\/figcaption><\/figure><\/li><\/ul><\/figure>\n<\/div>\n<\/div>\n<\/div><\/div>\n<\/div><\/div>\n\n\n\n<p><\/p>\n","protected":false},"excerpt":{"rendered":"<p>ASSOCIATION DE QUARTIER AV2E L\u2019AV2E, association cr\u00e9\u00e9e en 2010, a pour but la d\u00e9fense et la qualit\u00e9 du cadre de vie des r\u00e9sidents, propri\u00e9taires et locataires de&nbsp;Port Juv\u00e9nal. Tandis que &#8230;<\/p>\n","protected":false},"author":1,"featured_media":0,"parent":0,"menu_order":0,"comment_status":"closed","ping_status":"closed","template":"","meta":[],"_links":{"self":[{"href":"https:\/\/www.av2e.fr\/index.php?rest_route=\/wp\/v2\/pages\/86"}],"collection":[{"href":"https:\/\/www.av2e.fr\/index.php?rest_route=\/wp\/v2\/pages"}],"about":[{"href":"https:\/\/www.av2e.fr\/index.php?rest_route=\/wp\/v2\/types\/page"}],"author":[{"embeddable":true,"href":"https:\/\/www.av2e.fr\/index.php?rest_route=\/wp\/v2\/users\/1"}],"replies":[{"embeddable":true,"href":"https:\/\/www.av2e.fr\/index.php?rest_route=%2Fwp%2Fv2%2Fcomments&post=86"}],"version-history":[{"count":4,"href":"https:\/\/www.av2e.fr\/index.php?rest_route=\/wp\/v2\/pages\/86\/revisions"}],"predecessor-version":[{"id":1313,"href":"https:\/\/www.av2e.fr\/index.php?rest_route=\/wp\/v2\/pages\/86\/revisions\/1313"}],"wp:attachment":[{"href":"https:\/\/www.av2e.fr\/index.php?rest_route=%2Fwp%2Fv2%2Fmedia&parent=86"}],"curies":[{"name":"wp","href":"https:\/\/api.w.org\/{rel}","templated":true}]}}